 when 444 is divided by 425?
19
Calculate the remainder when 11362 is divided by 7.
1
Calculate the remainder when 36 is divided by 3.
0
Calculate the remainder when 603 is divided by 102.
93
Calculate the remainder when 732 is divided by 148.
140
What is the remainder when 338 is divided by 88?
74
Calculate the remainder when 209 is divided by 13.
1
What is the remainder when 1355 is divided by 451?
2
Calculate the remainder when 875 is divided by 80.
75
What is the remainder when 689 is divided by 46?
45
Calculate the remainder when 692 is divided by 12.
8
What is the remainder when 195 is divided by 4?
3
Calculate the remainder when 205 is divided by 187.
18
What is the remainder when 127 is divided by 5?
2
What is the remainder when 253 is divided by 67?
52
Calculate the remainder when 11866 is divided by 208.
10
What is the remainder when 276 is divided by 31?
28
What is the remainder when 29 is divided by 11?
7
Calculate the remainder when 323 is divided by 33.
26
What is the remainder when 82 is divided by 20?
2
Calculate the remainder when 1118 is divided by 59.
56
What is the remainder when 417 is divided by 210?
207
Calculate the remainder when 2751 is divided by 81.
78
What is the remainder when 9515 is divided by 13?
12
Calculate the remainder when 444 is divided by 117.
93
What is the remainder when 3817 is divided by 66?
55
What is the remainder when 1389 is divided by 10?
9
Calculate the remainder when 178 is divided by 36.
34
What is the remainder when 835 is divided by 207?
7
Calculate the remainder when 465 is divided by 220.
25
What is the remainder when 61237 is divided by 20?
17
Calculate the remainder when 229 is divided by 5.
4
What is the remainder when 159 is divided by 16?
15
Calculate the remainder when 5444 is divided by 121.
120
What is the remainder when 895 is divided by 75?
70
What is the remainder when 78 is divided by 41?
37
What is the remainder when 264 is divided by 91?
82
What is the remainder when 604 is divided by 28?
16
What is the remainder when 127 is divided by 36?
19
What is the remainder when 605 is divided by 127?
97
Calculate the remainder when 2263 is divided by 1120.
23
Calculate the remainder when 24 is divided by 10.
4
What is the remainder when 570 is divided by 116?
106
Calculate the remainder when 340 is divided by 15.
10
What is the remainder when 358 is divided by 11?
6
What is the remainder when 563 is divided by 95?
88
Calculate the remainder when 660 is divided by 184.
108
Calculate the remainder when 83 is divided by 42.
41
Calculate the remainder when 164 is divided by 91.
73
Calculate the remainder when 38237 is divided by 40.
37
What is the remainder when 1167 is divided by 18?
15
Calculate the remainder when 6800 is divided by 38.
36
What is the remainder when 23 is divided by 21?
2
Calculate the remainder when 79 is divided by 54.
25
What is the remainder when 578 is divided by 27?
11
Calculate the remainder when 1559 is divided by 92.
87
Calculate the remainder when 852 is divided by 122.
120
What is the remainder when 342 is divided by 109?
15
What is the remainder when 1657 is divided by 60?
37
Calculate the remainder when 82 is divided by 13.
4
What is the remainder when 270 is divided by 117?
36
Calculate the remainder when 126 is divided by 82.
44
What is the remainder when 167 is divided by 34?
31
Calculate the remainder when 337 is divided by 265.
72
What is the remainder when 439 is divided by 3?
1
Calculate the remainder when 55 is divided by 41.
14
Calculate the remainder when 580 is divided by 578.
2
What is the remainder when 109 is divided by 25?
9
What is the remainder when 66 is divided by 12?
6
Calculate the remainder when 1272 is divided by 39.
24
What is the remainder when 4134 is divided by 7?
4
Calculate the remainder when 240 is divided by 121.
119
What is the remainder when 176 is divided by 50?
26
What is the remainder when 693 is divided by 686?
7
What is the remainder when 288 is divided by 112?
64
Calculate the remainder when 281 is divided by 71.
68
What is the remainder when 422 is divided by 61?
56
Calculate the remainder when 236 is divided by 54.
20
What is the remainder when 913 is divided by 247?
172
Calculate the remainder when 625 is divided by 43.
23
What is the remainder when 252 is divided by 54?
36
What is the remainder when 1143 is divided by 52?
51
What is the remainder when 312 is divided by 108?
96
What is the remainder when 222 is divided by 5?
2
What is the remainder when 694 is divided by 174?
172
What is the remainder when 1498 is divided by 75?
73
Calculate the remainder when 663 is divided by 6.
3
What is the remainder when 67 is divided by 19?
10
What is the remainder when 503 is divided by 56?
55
Calculate the remainder when 760 is divided by 135.
85
Calculate the remainder when 9055 is divided by 31.
3
Calculate the remainder when 13 is divided by 8.
5
Calculate the remainder when 66 is divided by 54.
12
What is the remainder when 9393 is divided by 81?
78
Calculate the remainder when 39 is divided by 18.
3
What is the remainder when 11695 is divided by 86?
85
Calculate the remainder when 142 is divided by 62.
18
What is the remainder when 435 is divided by 24?
3
Calculate the remainder when 50400 is divided by 13.
12
What is the remainder when 23 is divided by 10?
3
What is the remainder when 7766 is divided by 21?
17
Calculate the remainder when 32 is divided by 5.
2
Calculate the remainder when 2364 is divided by 66.
54
What is the remainder when 1628 is divided by 477?
197
What is the remainder when 207 is divided by 74?
59
What is the remainder when 9359 is divided by 130?
129
What is the remainder when 548 is divided by 61?
60
What is the remainder when 79 is divided by 74?
5
What is the remainder when 439 is divided by 94?
63
What is the remainder when 193 is divided by 14?
11
What is the remainder when 314 is divided by 46?
38
What is the remainder when 239 is divided by 60?
59
Calculate the remainder when 195 is divided by 27.
6
What is the remainder when 24783 is divided by 54?
51
Calculate the remainder when 1714 is divided by 229.
111
What is the remainder when 1475 is divided by 274?
105
What is the remainder when 43 is divided by 2?
1
Calculate the remainder when 1028 is divided by 55.
38
What is the remainder when 80 is divided by 39?
2
Calculate the remainder when 82 is divided by 72.
10
What is the remainder when 57 is divided by 35?
22
What is the remainder when 968 is divided by 297?
77
Calculate the remainder when 345 is divided by 29.
26
Calculate the remainder when 401 is divided by 104.
89
Calculate the remainder when 439 is divided by 53.
15
What is the remainder when 468 is divided by 3?
0
Calculate the remainder when 293 is divided by 152.
141
What is the remainder when 7185 is divided by 101?
14
What is the remainder when 184 is divided by 114?
70
What is the remainder when 3411 is divided by 90?
81
What is the remainder when 1032 is divided by 23?
20
Calculate the remainder when 379 is divided by 143.
93
Calculate the remainder when 444 is divided by 56.
52
What is the remainder when 1897 is divided by 10?
7
Calculate the remainder when 668 is divided by 134.
132
Calculate the remainder when 402 is divided by 14.
10
What is the remainder when 1066 is divided by 11?
10
Calculate the remainder when 136 is divided by 28.
24
What is the remainder when 16 is divided by 7?
2
What is the remainder when 11670 is divided by 12?
6
What is the remainder when 22286 is divided by 14?
12
What is the remainder when 95 is divided by 31?
2
Calculate the remainder when 1881 is divided by 111.
105
What is the remainder when 145 is divided by 57?
31
What is the remainder when 146 is divided by 26?
16
Calculate the remainder when 1991 is divided by 7.
3
What is the remainder when 95 is divided by 3?
2
Calculate the remainder when 116 is divided by 52.
12
What is the remainder when 7 is divided by 6?
1
What is the remainder when 128 is divided by 10?
8
Calculate the remainder when 2055 is divided by 668.
51
What is the remainder when 4789 is divided by 6?
1
Calculate the remainder when 79 is divided by 20.
19
Calculate the remainder when 106 is divided by 29.
19
Calculate the remainder when 992 is divided by 325.
17